 12471741?
4
What is the thousands digit of 290652?
0
What is the tens digit of 174560?
6
What is the hundred thousands digit of 8906581?
9
What is the millions digit of 1424104?
1
What is the hundred thousands digit of 5229434?
2
What is the thousands digit of 939819?
9
What is the hundred thousands digit of 189414?
1
What is the tens digit of 559243?
4
What is the thousands digit of 431840?
1
What is the ten thousands digit of 911661?
1
What is the hundred thousands digit of 212287?
2
What is the tens digit of 27633951?
5
What is the hundred thousands digit of 1217188?
2
What is the hundreds digit of 1988604?
6
What is the ten thousands digit of 298501?
9
What is the thousands digit of 706608?
6
What is the thousands digit of 172524?
2
What is the thousands digit of 260955?
0
What is the thousands digit of 94212?
4
What is the tens digit of 3541073?
7
What is the hundreds digit of 208133?
1
What is the thousands digit of 6484534?
4
What is the units digit of 4943095?
5
What is the thousands digit of 67628?
7
What is the hundreds digit of 9863341?
3
What is the hundred thousands digit of 346351?
3
What is the hundred thousands digit of 167651?
1
What is the ten millions digit of 14802237?
1
What is the hundreds digit of 10659093?
0
What is the millions digit of 3031344?
3
What is the ten thousands digit of 97458?
9
What is the hundred thousands digit of 1222875?
2
What is the tens digit of 871608?
0
What is the units digit of 41933?
3
What is the hundred thousands digit of 207415?
2
What is the hundred thousands digit of 4794409?
7
What is the thousands digit of 2004171?
4
What is the hundreds digit of 30685964?
9
What is the millions digit of 15171773?
5
What is the units digit of 224130?
0
What is the units digit of 6788742?
2
What is the tens digit of 105149?
4
What is the thousands digit of 5400696?
0
What is the ten millions digit of 15756297?
1
What is the tens digit of 374025?
2
What is the millions digit of 4955809?
4
What is the units digit of 2497648?
8
What is the hundred thousands digit of 447278?
4
What is the tens digit of 20696159?
5
What is the tens digit of 389738?
3
What is the units digit of 13978843?
3
What is the units digit of 469748?
8
What is the millions digit of 1128183?
1
What is the units digit of 350933?
3
What is the millions digit of 12080433?
2
What is the tens digit of 5100136?
3
What is the thousands digit of 5436?
5
What is the tens digit of 1717489?
8
What is the hundreds digit of 12529?
5
What is the ten thousands digit of 26110353?
1
What is the thousands digit of 889779?
9
What is the ten thousands digit of 780073?
8
What is the thousands digit of 34156792?
6
What is the hundreds digit of 1396120?
1
What is the ten thousands digit of 11582363?
8
What is the tens digit of 140742?
4
What is the hundred thousands digit of 566414?
5
What is the units digit of 4176343?
3
What is the millions digit of 1811183?
1
What is the units digit of 8881186?
6
What is the hundreds digit of 215923?
9
What is the hundreds digit of 290012?
0
What is the hundreds digit of 1158886?
8
What is the hundred thousands digit of 1771068?
7
What is the hundreds digit of 1361321?
3
What is the thousands digit of 408345?
8
What is the ten thousands digit of 39751?
3
What is the tens digit of 1311987?
8
What is the units digit of 83854?
4
What is the tens digit of 205448?
4
What is the ten thousands digit of 1562977?
6
What is the ten millions digit of 13728652?
1
What is the thousands digit of 4013213?
3
What is the millions digit of 1077193?
1
What is the ten thousands digit of 442381?
4
What is the tens digit of 3026411?
1
What is the hundreds digit of 112251?
2
What is the ten thousands digit of 8249278?
4
What is the hundred thousands digit of 327398?
3
What is the ten millions digit of 29940520?
2
What is the hundreds digit of 2646100?
1
What is the ten thousands digit of 1815674?
1
What is the tens digit of 5662999?
9
What is the units digit of 33648?
8
What is the hundreds digit of 1611750?
7
What is the tens digit of 176917?
1
What is the units digit of 19570?
0
What is the hundred thousands digit of 150084?
1
What is the hundreds digit of 5969145?
1
What is the hundreds digit of 9035118?
1
What is the ten thousands digit of 86709?
8
What is the tens digit of 231127?
2
What is the thousands digit of 30089362?
9
What is the millions digit of 1340081?
1
What is the hundreds digit of 820204?
2
What is the hundred thousands digit of 1404947?
4
What is the hundreds digit of 960278?
2
What is the thousands digit of 575137?
5
What is the hundred thousands digit of 592060?
5
What is the hundreds digit of 152607?
6
What is the hundred thousands digit of 799766?
7
What is the hundreds digit of 13608178?
1
What is the units digit of 937260?
0
What is the tens digit of 40718?
1
What is the units digit of 572679?
9
What is the millions digit of 10179994?
0
What is the thousands digit of 512166?
2
What is the thousands digit of 2259250?
9
What is the tens digit of 2135233?
3
What is the tens digit of 3502686?
8
What is the ten thousands digit of 559731?
5
What is the hundreds digit of 146185?
1
What is the hundred thousands digit of 179301?
1
What is the hundred thousands digit of 385452?
3
What is the hundreds digit of 400111?
1
What is the thousands digit of 694150?
4
What is the tens digit of 296289?
8
What is the tens digit of 265749?
4
What is the tens digit of 399435?
3
What is the hundred thousands digit of 534565?
5
What is the ten thousands digit of 6468964?
6
What is the units digit of 324175?
5
What is the tens digit of 5678956?
5
What is the millions digit of 1583212?
1
What is the units digit of 7591050?
0
What is the units digit of 459028?
8
What is the thousands digit of 6373190?
3
What is the tens digit of 7627163?
6
What is the units digit of 20586927?
7
What is the hundreds digit of 6993280?
2
What is the tens digit of 3292031?
3
What is the ten thousands digit of 441124?
4
What is the hundreds digit of 731098?
0
What is the ten thousands digit of 1086022?
8
What is the hundreds digit of 270347?
3
What is the tens digit of 180087?
8
What is the millions digit of 2443997?
2
What is the hundred thousands digit of 11621287?
6
What is the thousands digit of 145126?
5
What is the hundreds digit of 1493311?
3
What is the millions digit of 5988783?
5
What is the millions digit of 1739018?
1
What is the units digit of 2359526?
6
What is the tens digit of 1124842?
4
What is the units digit of 215645?
5
What is the ten thousands digit of 455893?
5
What is the hundreds digit of 23861868?
8
What is the units digit of 9504704?
4
What is the millions digit of 3504256?
3
What is the millions digit of 16775128?
6
What is the thousands digit of 32215830?
5
What is the thousands digit of 364355?
4
What is the tens digit of 382309?
0
What is the thousands digit of 2645811?
5
What is the thousands digit of 2703219?
3
What is the ten thousands digit of 60989?
6
What is the units digit of 107754?
4
What is the ten thousands digit of 61554?
6
What is the ten thousands digit of 260266?
6
What is the hundreds digit of 11440651?
6
What is the hundred thousands digit of 837185?
8
What is the hundred thousands digit of 823435?
8
What is the hundreds digit of 3076341?
3
What is the hundreds digit of 253866?
8
What is the ten millions digit of 32420183?
3
What is the tens digit of 2927623?
2
What is the thousands digit of 276514?
6
What is the thousands digit of 1875256?
5
What is the ten thousands digit of 286389?
8
What is the hundreds digit of 21567853?
8
What is the tens digit of 102742?
4
What is the ten thousands digit of 5728303?
2
What is the thousands digit of 941600?
1
What is the thousands digit of 148041?
8
What is the hundreds digit of 1169304?
3
What is the tens digit of 935228?
2
What is the tens digit of 1944073?
7
What is the tens digit of 3427928?
2
What is the tens digit of 467616?
1
What is the units digit of 10763617?
7
What is the ten thousands digit of 6171172?
7
What is the thousands digit of 109049?
9
What is the millions digit of 2129621?
2
What is the tens digit of 18987462?
6
What is the hundreds digit of 163989?
9
What is the units digit of 6913358?
8
What is the units digit of 365632?
2
What is the tens digit of 332831